{"id":2836,"date":"2023-10-09T09:33:28","date_gmt":"2023-10-09T09:33:28","guid":{"rendered":"https:\/\/themeholy.com\/wordpress\/konta\/?page_id=2836"},"modified":"2024-05-25T15:34:15","modified_gmt":"2024-05-25T15:34:15","slug":"service","status":"publish","type":"page","link":"https:\/\/app.ekfgazconnect.com\/index.php\/service\/","title":{"rendered":"Service"},"content":{"rendered":"\t\t<div data-elementor-type=\"wp-page\" data-elementor-id=\"2836\" class=\"elementor elementor-2836\">\n\t\t\t\t\t\t<section class=\"elementor-section elementor-top-section elementor-element elementor-element-54a3422 elementor-section-full_width elementor-section-height-default elementor-section-height-default\" data-id=\"54a3422\" data-element_type=\"section\" data-settings=\"{&quot;background_background&quot;:&quot;classic&quot;}\">\n\t\t\t\t\t\t<div class=\"elementor-container elementor-column-gap-no\">\n\t\t\t\t\t<div class=\"elementor-column elementor-col-100 elementor-top-column elementor-element elementor-element-5e81c34\" data-id=\"5e81c34\" data-element_type=\"column\">\n\t\t\t<div class=\"elementor-widget-wrap elementor-element-populated\">\n\t\t\t\t\t\t<section class=\"elementor-section elementor-inner-section elementor-element elementor-element-238fb11 elementor-section-boxed elementor-section-height-default elementor-section-height-default\" data-id=\"238fb11\" data-element_type=\"section\">\n\t\t\t\t\t\t<div class=\"elementor-container elementor-column-gap-no\">\n\t\t\t\t\t<div class=\"elementor-column elementor-col-100 elementor-inner-column elementor-element elementor-element-243f740\" data-id=\"243f740\" data-element_type=\"column\">\n\t\t\t<div class=\"elementor-widget-wrap elementor-element-populated\">\n\t\t\t\t\r\n\t\t<div class=\"elementor-element elementor-element-b6a3003 elementor-widget elementor-widget-kontasectiontitle\" data-id=\"b6a3003\" data-element_type=\"widget\" data-widget_type=\"kontasectiontitle.default\">\n\t\t\t\t<div class=\"elementor-widget-container\">\n\t\t\t<div class=\"title-area mb-md-0\" ><span class=\" sub-title2 subtitle-selector\"><img decoding=\"async\" src=\"https:\/\/themeholy.com\/wordpress\/konta\/wp-content\/uploads\/2023\/09\/subtitle-img2-1.svg\" alt=\"subtitle img2 1\"  class=\"icon\" \/>    Nos services<\/span><h2 class=\"sec-title  title-selector\">Le meilleur service pour vous<\/h2><\/div>\t\t<\/div>\n\t\t\t\t<\/div>\n\t\t\t\t\t<\/div>\n\t\t<\/div>\n\t\t\t\t\t<\/div>\n\t\t<\/section>\n\t\t\t\t<section class=\"elementor-section elementor-inner-section elementor-element elementor-element-93a2008 elementor-section-boxed elementor-section-height-default elementor-section-height-default\" data-id=\"93a2008\" data-element_type=\"section\">\n\t\t\t\t\t\t<div class=\"elementor-container elementor-column-gap-no\">\n\t\t\t\t\t<div class=\"elementor-column elementor-col-100 elementor-inner-column elementor-element elementor-element-f30d1b0\" data-id=\"f30d1b0\" data-element_type=\"column\">\n\t\t\t<div class=\"elementor-widget-wrap elementor-element-populated\">\n\t\t\t\t\t\t<div class=\"elementor-element elementor-element-9f3bd9a elementor-widget elementor-widget-kontaservice\" data-id=\"9f3bd9a\" data-element_type=\"widget\" data-widget_type=\"kontaservice.default\">\n\t\t\t\t<div class=\"elementor-widget-container\">\n\t\t\t<div class=\"row gy-4\"><div class=\"col-md-6 col-lg-4\"><div class=\"service-card style2\"><div class=\"service-card-bg-img\" data-bg-src=\"https:\/\/themeholy.com\/wordpress\/konta\/wp-content\/uploads\/2023\/09\/service-2-1.png\"><\/div><div class=\"service-content\"><div class=\"service-card-icon\"><img decoding=\"async\" src=\"https:\/\/themeholy.com\/wordpress\/konta\/wp-content\/uploads\/2023\/09\/service-icon-2-1.svg\" alt=\"service icon 2 1\"  \/><\/div><h3 class=\"box-title title-selector\"><a href=\"https:\/\/app.ekfgazconnect.com\/index.php\/all-services\/vente-et-location\/\">Vente et location<\/a><\/h3><div class=\"service-card-number\"> 01 <\/div><\/div><p class=\"service-card-text desc-selector\">Nous mettons \u00e0 votre disposition des appartements, r\u00e9sidences meubl\u00e9es et villas de standing en location et en vente.<\/p><a class=\"th-btn style10\" href=\"https:\/\/app.ekfgazconnect.com\/index.php\/all-services\/vente-et-location\/\">Voir plus <i class=\"fas fa-arrow-right ms-1\"><\/i><\/a><div class=\"service-card-shape \"><img decoding=\"async\" src=\"https:\/\/themeholy.com\/wordpress\/konta\/wp-content\/uploads\/2023\/09\/service-card-bg-2-1.png\" alt=\"service card bg 2 1\"  \/><\/div><\/div><\/div><div class=\"col-md-6 col-lg-4\"><div class=\"service-card style2\"><div class=\"service-card-bg-img\" data-bg-src=\"https:\/\/themeholy.com\/wordpress\/konta\/wp-content\/uploads\/2023\/09\/service-2-1.png\"><\/div><div class=\"service-content\"><div class=\"service-card-icon\"><img decoding=\"async\" src=\"https:\/\/themeholy.com\/wordpress\/konta\/wp-content\/uploads\/2023\/09\/service-icon-2-2.svg\" alt=\"service icon 2 2\"  \/><\/div><h3 class=\"box-title title-selector\"><a href=\"https:\/\/app.ekfgazconnect.com\/index.php\/all-services\/syndic\/\">Syndic<\/a><\/h3><div class=\"service-card-number\"> 02 <\/div><\/div><p class=\"service-card-text desc-selector\">Besoin d\u2019un repr\u00e9sentant pour g\u00e9rer l\u2019administration des parties communes de votre immeuble ?De votre cit\u00e9 ? Une seule adresse : C\u00f4te d\u2019Ivoire Services et Logements.<\/p><a class=\"th-btn style10\" href=\"https:\/\/app.ekfgazconnect.com\/index.php\/all-services\/syndic\/\">Voir plus <i class=\"fas fa-arrow-right ms-1\"><\/i><\/a><div class=\"service-card-shape \"><img decoding=\"async\" src=\"https:\/\/themeholy.com\/wordpress\/konta\/wp-content\/uploads\/2023\/09\/service-card-bg-2-1.png\" alt=\"service card bg 2 1\"  \/><\/div><\/div><\/div><div class=\"col-md-6 col-lg-4\"><div class=\"service-card style2\"><div class=\"service-card-bg-img\" data-bg-src=\"https:\/\/themeholy.com\/wordpress\/konta\/wp-content\/uploads\/2023\/09\/service-2-1.png\"><\/div><div class=\"service-content\"><div class=\"service-card-icon\"><img decoding=\"async\" src=\"https:\/\/themeholy.com\/wordpress\/konta\/wp-content\/uploads\/2023\/09\/service-icon-2-3.svg\" alt=\"service icon 2 3\"  \/><\/div><h3 class=\"box-title title-selector\"><a href=\"https:\/\/app.ekfgazconnect.com\/index.php\/all-services\/gestion-de-bien-immobilier\/\">Gestion de biens immobiliers<\/a><\/h3><div class=\"service-card-number\"> 03 <\/div><\/div><p class=\"service-card-text desc-selector\">Vous voulez acheter un appartement, une maison ou un terrain? Vous avez un bien immobilier \u00e0 vendre ? Contactez-nous d\u00e8s maintenant !<\/p><a class=\"th-btn style10\" href=\"https:\/\/app.ekfgazconnect.com\/index.php\/all-services\/gestion-de-bien-immobilier\/\">Voir plus <i class=\"fas fa-arrow-right ms-1\"><\/i><\/a><div class=\"service-card-shape \"><img decoding=\"async\" src=\"https:\/\/themeholy.com\/wordpress\/konta\/wp-content\/uploads\/2023\/09\/service-card-bg-2-1.png\" alt=\"service card bg 2 1\"  \/><\/div><\/div><\/div><div class=\"col-md-6 col-lg-4\"><div class=\"service-card style2\"><div class=\"service-card-bg-img\" data-bg-src=\"https:\/\/themeholy.com\/wordpress\/konta\/wp-content\/uploads\/2023\/09\/service-2-1.png\"><\/div><div class=\"service-content\"><div class=\"service-card-icon\"><img decoding=\"async\" src=\"https:\/\/themeholy.com\/wordpress\/konta\/wp-content\/uploads\/2023\/09\/service-icon-2-1.svg\" alt=\"service icon 2 1\"  \/><\/div><h3 class=\"box-title title-selector\"><a href=\"https:\/\/app.ekfgazconnect.com\/index.php\/all-services\/promotion-immobiliere\/\">Promotion immobili\u00e8re<\/a><\/h3><div class=\"service-card-number\"> 04 <\/div><\/div><p class=\"service-card-text desc-selector\">Vous cherchez une bonne occasion pour l\u2019achat de votre maison ? Faites-nous confiance.<\/p><a class=\"th-btn style10\" href=\"https:\/\/app.ekfgazconnect.com\/index.php\/all-services\/promotion-immobiliere\/\">Voir plus <i class=\"fas fa-arrow-right ms-1\"><\/i><\/a><div class=\"service-card-shape \"><img decoding=\"async\" src=\"https:\/\/themeholy.com\/wordpress\/konta\/wp-content\/uploads\/2023\/09\/service-card-bg-2-1.png\" alt=\"service card bg 2 1\"  \/><\/div><\/div><\/div><\/div>\t\t<\/div>\n\t\t\t\t<\/div>\n\t\t\t\t\t<\/div>\n\t\t<\/div>\n\t\t\t\t\t<\/div>\n\t\t<\/section>\n\t\t\t\t\t<\/div>\n\t\t<\/div>\n\t\t\t\t\t<\/div>\n\t\t<\/section>\n\t\t\t\t<section class=\"elementor-section elementor-top-section elementor-element elementor-element-55a4fb5 elementor-section-full_width elementor-section-height-default elementor-section-height-default\" data-id=\"55a4fb5\" data-element_type=\"section\" data-settings=\"{&quot;background_background&quot;:&quot;classic&quot;}\">\n\t\t\t\t\t\t<div class=\"elementor-container elementor-column-gap-no\">\n\t\t\t\t\t<div class=\"elementor-column elementor-col-100 elementor-top-column elementor-element elementor-element-ae83aea\" data-id=\"ae83aea\" data-element_type=\"column\">\n\t\t\t<div class=\"elementor-widget-wrap elementor-element-populated\">\n\t\t\t\t\t\t<div class=\"shape-mockup-area elementor-element elementor-element-e2ab61b elementor-hidden-tablet elementor-hidden-mobile elementor-widget elementor-widget-kontashapeimage\" data-id=\"e2ab61b\" data-element_type=\"widget\" data-widget_type=\"kontashapeimage.default\">\n\t\t\t\t<div class=\"elementor-widget-container\">\n\t\t\t<!-- Image --><div class=\"shape-mockup   contact-thumb1\"><img decoding=\"async\" src=\"https:\/\/themeholy.com\/wordpress\/konta\/wp-content\/uploads\/2023\/10\/contact_thumb1.png\" alt=\"cislo\" ><\/div><!-- End Image -->\t\t<\/div>\n\t\t\t\t<\/div>\n\t\t\t\t<section class=\"elementor-section elementor-inner-section elementor-element elementor-element-a01f73c elementor-section-boxed elementor-section-height-default elementor-section-height-default\" data-id=\"a01f73c\" data-element_type=\"section\">\n\t\t\t\t\t\t<div class=\"elementor-container elementor-column-gap-no\">\n\t\t\t\t\t<div class=\"elementor-column elementor-col-50 elementor-inner-column elementor-element elementor-element-a39aeaa\" data-id=\"a39aeaa\" data-element_type=\"column\">\n\t\t\t<div class=\"elementor-widget-wrap elementor-element-populated\">\n\t\t\t\t\t\t<div class=\"elementor-element elementor-element-dcbf8ef elementor-hidden-desktop elementor-widget elementor-widget-kontaimage\" data-id=\"dcbf8ef\" data-element_type=\"widget\" data-widget_type=\"kontaimage.default\">\n\t\t\t\t<div class=\"elementor-widget-container\">\n\t\t\t<!-- Image --><div class=\"custom_css_handelar \"><img decoding=\"async\" class=\"\" src=\"https:\/\/app.ekfgazconnect.com\/wp-content\/uploads\/2023\/10\/contact_thumb1.png\" alt=\"contact_thumb1\" ><\/div><!-- End Image -->\t\t<\/div>\n\t\t\t\t<\/div>\n\t\t\t\t\t<\/div>\n\t\t<\/div>\n\t\t\t\t<div class=\"elementor-column elementor-col-50 elementor-inner-column elementor-element elementor-element-af55fba\" data-id=\"af55fba\" data-element_type=\"column\">\n\t\t\t<div class=\"elementor-widget-wrap elementor-element-populated\">\n\t\t\t\t\t\t<div class=\"elementor-element elementor-element-56a6561 elementor-widget elementor-widget-kontasectiontitle\" data-id=\"56a6561\" data-element_type=\"widget\" data-widget_type=\"kontasectiontitle.default\">\n\t\t\t\t<div class=\"elementor-widget-container\">\n\t\t\t<div class=\"title-area mb-30\" ><span class=\" sub-title2 subtitle-selector\"><img decoding=\"async\" src=\"https:\/\/themeholy.com\/wordpress\/konta\/wp-content\/uploads\/2023\/09\/subtitle-img2-1.svg\" alt=\"subtitle img2 1\"  class=\"icon\" \/> Demander un devis<\/span><h2 class=\"sec-title  title-selector\">10+ Ann\u00e9es d'exp\u00e9rience dans le domaine immobilier. <\/h2><\/div><p class=\"desc-selector\">Cislo acquiert des terrains ou des propri\u00e9t\u00e9s appropri\u00e9s pour le d\u00e9veloppement. Elle m\u00e8ne des recherches approfondies et fait preuve de diligence raisonnable pour s\u00e9lectionner des emplacements strat\u00e9giques qui r\u00e9pondent aux demandes du march\u00e9.<\/p>\t\t<\/div>\n\t\t\t\t<\/div>\n\t\t\t\t<div class=\"elementor-element elementor-element-42c1ba3 elementor-widget elementor-widget-kontacontactform\" data-id=\"42c1ba3\" data-element_type=\"widget\" data-widget_type=\"kontacontactform.default\">\n\t\t\t\t<div class=\"elementor-widget-container\">\n\t\t\t<div class=\"align-self-center\"><div class=\"testi-contace-wrap bg-white\"><div class=\"contact-form-wrap\">\n<div class=\"wpcf7 no-js\" id=\"wpcf7-f1176-o1\" lang=\"en-US\" dir=\"ltr\">\n<div class=\"screen-reader-response\"><p role=\"status\" aria-live=\"polite\" aria-atomic=\"true\"><\/p> <ul><\/ul><\/div>\n<form action=\"\/index.php\/wp-json\/wp\/v2\/pages\/2836#wpcf7-f1176-o1\" method=\"post\" class=\"wpcf7-form init\" aria-label=\"Contact form\" novalidate=\"novalidate\" data-status=\"init\">\n<div style=\"display: none;\">\n<input type=\"hidden\" name=\"_wpcf7\" value=\"1176\" \/>\n<input type=\"hidden\" name=\"_wpcf7_version\" value=\"5.9.3\" \/>\n<input type=\"hidden\" name=\"_wpcf7_locale\" value=\"en_US\" \/>\n<input type=\"hidden\" name=\"_wpcf7_unit_tag\" value=\"wpcf7-f1176-o1\" \/>\n<input type=\"hidden\" name=\"_wpcf7_container_post\" value=\"0\" \/>\n<input type=\"hidden\" name=\"_wpcf7_posted_data_hash\" value=\"\" \/>\n<\/div>\n<div class=\"contact-form\">\n    <div class=\"row\">\n        <div class=\"col-md-6\">\n            <div class=\"form-group\">\n                <span class=\"wpcf7-form-control-wrap\" data-name=\"text-898\"><input size=\"40\" class=\"wpcf7-form-control wpcf7-text wpcf7-validates-as-required form-control\" id=\"text-898\" aria-required=\"true\" aria-invalid=\"false\" placeholder=\"Nom et pr\u00e9nom*\" value=\"\" type=\"text\" name=\"text-898\" \/><\/span><i class=\"fal fa-user\"><\/i>\n            <\/div>\n        <\/div>\n        <div class=\"col-md-6\">\n            <div class=\"form-group\">\n                <span class=\"wpcf7-form-control-wrap\" data-name=\"email-432\"><input size=\"40\" class=\"wpcf7-form-control wpcf7-email wpcf7-validates-as-required wpcf7-text wpcf7-validates-as-email form-control\" id=\"email-432\" aria-required=\"true\" aria-invalid=\"false\" placeholder=\"Adresse E-mail*\" value=\"\" type=\"email\" name=\"email-432\" \/><\/span><i class=\"fal fa-envelope\"><\/i>\n            <\/div>\n        <\/div>\n        <div class=\"col-md-6\">\n            <div class=\"form-group\">\n                <span class=\"wpcf7-form-control-wrap\" data-name=\"menu-80\"><select class=\"wpcf7-form-control wpcf7-select nice-select form-select\" id=\"menu-80\" aria-invalid=\"false\" name=\"menu-80\"><option value=\"Leaders City I\">Leaders City I<\/option><option value=\"Leaders City II\">Leaders City II<\/option><option value=\"Leaders City III\">Leaders City III<\/option><option value=\"Leaders City IV\">Leaders City IV<\/option><\/select><\/span>\n            <\/div>\n        <\/div>\n        <div class=\"col-md-6\">\n            <div class=\"form-group\">\n                <span class=\"wpcf7-form-control-wrap\" data-name=\"tel-602\"><input size=\"40\" class=\"wpcf7-form-control wpcf7-tel wpcf7-validates-as-required wpcf7-text wpcf7-validates-as-tel form-control\" id=\"tel-602\" aria-required=\"true\" aria-invalid=\"false\" value=\"Num\u00e9ro de T\u00e9l\u00e9phone*\" type=\"tel\" name=\"tel-602\" \/><\/span><i class=\"fal fa-phone\"><\/i>\n            <\/div>\n        <\/div>\n        <div class=\"col-12\">\n            <div class=\"form-group \">\n                <span class=\"wpcf7-form-control-wrap\" data-name=\"textarea-922\"><textarea cols=\"40\" rows=\"10\" class=\"wpcf7-form-control wpcf7-textarea wpcf7-validates-as-required form-control\" id=\"textarea-922\" aria-required=\"true\" aria-invalid=\"false\" placeholder=\"Votre Message*\" name=\"textarea-922\"><\/textarea><\/span><i class=\"fal fa-pen\"><\/i>\n            <\/div>\n        <\/div>\n        <div class=\"form-btn col-12\">\n            <button class=\"th-btn w-100 wpcf7\">Envoyez<i class=\"fas fa-long-arrow-right ms-2\"><\/i><\/button>\n        <\/div>\n    <\/div>\n    <p class=\"form-messages mb-0 mt-3\"><\/p>\n<\/div><div class=\"wpcf7-response-output\" aria-hidden=\"true\"><\/div>\n<\/form>\n<\/div>\n<\/div><\/div><\/div>\t\t<\/div>\n\t\t\t\t<\/div>\n\t\t\t\t\t<\/div>\n\t\t<\/div>\n\t\t\t\t\t<\/div>\n\t\t<\/section>\n\t\t\t\t\t<\/div>\n\t\t<\/div>\n\t\t\t\t\t<\/div>\n\t\t<\/section>\n\t\t\t\t<\/div>\n\t\t","protected":false},"excerpt":{"rendered":"<p>Nos services Le meilleur service pour vous Vente et location 01 Nous mettons \u00e0 votre disposition des appartements, r\u00e9sidences meubl\u00e9es et villas de standing en location et en vente. Voir plus Syndic 02 Besoin d\u2019un repr\u00e9sentant pour g\u00e9rer l\u2019administration des parties communes de votre immeuble ?De votre cit\u00e9 ? Une seule adresse : C\u00f4te d\u2019Ivoire&#8230;<\/p>\n","protected":false},"author":1,"featured_media":0,"parent":0,"menu_order":0,"comment_status":"closed","ping_status":"closed","template":"template-builder.php","meta":{"_monsterinsights_skip_tracking":false,"_monsterinsights_sitenote_active":false,"_monsterinsights_sitenote_note":"","_monsterinsights_sitenote_category":0,"footnotes":""},"class_list":["post-2836","page","type-page","status-publish","hentry"],"aioseo_notices":[],"_links":{"self":[{"href":"https:\/\/app.ekfgazconnect.com\/index.php\/wp-json\/wp\/v2\/pages\/2836","targetHints":{"allow":["GET"]}}],"collection":[{"href":"https:\/\/app.ekfgazconnect.com\/index.php\/wp-json\/wp\/v2\/pages"}],"about":[{"href":"https:\/\/app.ekfgazconnect.com\/index.php\/wp-json\/wp\/v2\/types\/page"}],"author":[{"embeddable":true,"href":"https:\/\/app.ekfgazconnect.com\/index.php\/wp-json\/wp\/v2\/users\/1"}],"replies":[{"embeddable":true,"href":"https:\/\/app.ekfgazconnect.com\/index.php\/wp-json\/wp\/v2\/comments?post=2836"}],"version-history":[{"count":40,"href":"https:\/\/app.ekfgazconnect.com\/index.php\/wp-json\/wp\/v2\/pages\/2836\/revisions"}],"predecessor-version":[{"id":5780,"href":"https:\/\/app.ekfgazconnect.com\/index.php\/wp-json\/wp\/v2\/pages\/2836\/revisions\/5780"}],"wp:attachment":[{"href":"https:\/\/app.ekfgazconnect.com\/index.php\/wp-json\/wp\/v2\/media?parent=2836"}],"curies":[{"name":"wp","href":"https:\/\/api.w.org\/{rel}","templated":true}]}}