{"id":4929,"date":"2024-05-09T22:01:41","date_gmt":"2024-05-09T22:01:41","guid":{"rendered":"https:\/\/app.fabety.com\/?page_id=4929"},"modified":"2024-09-06T12:36:41","modified_gmt":"2024-09-06T12:36:41","slug":"leaders-city-ii-nestle","status":"publish","type":"page","link":"https:\/\/app.ekfgazconnect.com\/index.php\/leaders-city-ii-nestle\/","title":{"rendered":"Leaders City II : Nestl\u00e9"},"content":{"rendered":"\t\t<div data-elementor-type=\"wp-page\" data-elementor-id=\"4929\" class=\"elementor elementor-4929\">\n\t\t\t\t\t\t<section class=\"elementor-section elementor-top-section elementor-element elementor-element-a26cc3e elementor-section-full_width elementor-section-height-default elementor-section-height-default\" data-id=\"a26cc3e\" data-element_type=\"section\">\n\t\t\t\t\t\t<div class=\"elementor-container elementor-column-gap-no\">\n\t\t\t\t\t<div class=\"elementor-column elementor-col-100 elementor-top-column elementor-element elementor-element-1246374\" data-id=\"1246374\" data-element_type=\"column\">\n\t\t\t<div class=\"elementor-widget-wrap elementor-element-populated\">\n\t\t\t\t\t\t<section class=\"elementor-section elementor-inner-section elementor-element elementor-element-b1b5c4b elementor-section-boxed elementor-section-height-default elementor-section-height-default\" data-id=\"b1b5c4b\" data-element_type=\"section\">\n\t\t\t\t\t\t<div class=\"elementor-container elementor-column-gap-no\">\n\t\t\t\t\t<div class=\"elementor-column elementor-col-100 elementor-inner-column elementor-element elementor-element-df6b742\" data-id=\"df6b742\" data-element_type=\"column\">\n\t\t\t<div class=\"elementor-widget-wrap elementor-element-populated\">\n\t\t\t\t\r\n\t\t<div class=\"elementor-element elementor-element-72fae0d elementor-widget elementor-widget-text-editor\" data-id=\"72fae0d\" data-element_type=\"widget\" data-widget_type=\"text-editor.default\">\n\t\t\t\t<div class=\"elementor-widget-container\">\n\t\t\t<style>\/*! elementor - v3.21.0 - 30-04-2024 *\/\n.elementor-widget-text-editor.elementor-drop-cap-view-stacked .elementor-drop-cap{background-color:#69727d;color:#fff}.elementor-widget-text-editor.elementor-drop-cap-view-framed .elementor-drop-cap{color:#69727d;border:3px solid;background-color:transparent}.elementor-widget-text-editor:not(.elementor-drop-cap-view-default) .elementor-drop-cap{margin-top:8px}.elementor-widget-text-editor:not(.elementor-drop-cap-view-default) .elementor-drop-cap-letter{width:1em;height:1em}.elementor-widget-text-editor .elementor-drop-cap{float:left;text-align:center;line-height:1;font-size:50px}.elementor-widget-text-editor .elementor-drop-cap-letter{display:inline-block}<\/style>\t\t\t\t<div class=\"row gy-30\">\n<div class=\"col-lg-12\">\n<div class=\"page-img\"><img decoding=\"async\" class=\"w-100\" src=\"https:\/\/app.fabety.com\/wp-content\/uploads\/2024\/05\/Leaders-City-II-Banner-1220-600.png\" alt=\"Image\" \/><\/div>\n<\/div>\n<div class=\"col-lg-4 col-6\">\n<div class=\"page-img\"><img decoding=\"async\" class=\"w-100\" src=\"https:\/\/app.ekfgazconnect.com\/wp-content\/uploads\/2024\/05\/Leaders-City-II-Project-Detail-1.jpeg\" alt=\"Image\" \/><\/div>\n<\/div>\n<div class=\"col-lg-4 col-6\">\n<div class=\"page-img\"><img decoding=\"async\" class=\"w-100\" src=\"https:\/\/app.ekfgazconnect.com\/wp-content\/uploads\/2024\/06\/Leaders-City-II-Project-Detail-2.png\" alt=\"Image\" \/><\/div>\n<\/div>\n<div class=\"col-xxl-4 col-lg-4\"><aside class=\"sidebar-area\">\n<div class=\"widget widget_info style2 \">\n<h3 class=\"widget_title\">Informations<\/h3>\n<ul class=\"service-info-list border-0 p-0 m-0\">\n \t<li><strong>Projet :<\/strong> Leaders City II<\/li>\n \t<li><strong>Clients :<\/strong> Nestl\u00e9 CI<\/li>\n \t<li><strong>Dur\u00e9e :<\/strong> 03 ans<\/li>\n \t<li><strong>Localisation:<\/strong> Akrou, Jacqueville, C\u00f4te d&#8217;Ivoire<\/li>\n \t<li><strong>Offres : <\/strong>Villa Basse 03 Pi\u00e8ces Jumel\u00e9e, Villa Basse 04 Pi\u00e8ces Jumel\u00e9e et Villa Basse 04 Pi\u00e8ces Individuelle.<\/li>\n<\/ul>\n<\/div>\n<\/aside><\/div>\n<div class=\"col-xxl-12\">\n<div class=\"page-single\">\n<div class=\"page-content\">\n<h2 class=\"h3 page-title fw-semibold\">Pr\u00e9sentation du Projet<\/h2>\n<p class=\"mb-30\">Le projet Leaders City II, en partenariat avec Nestl\u00e9 C\u00f4te d&#8217;Ivoire, est situ\u00e9 dans la charmante cit\u00e9 baln\u00e9aire de Jaqueville, offrant une exp\u00e9rience r\u00e9sidentielle exceptionnelle \u00e0 seulement 10 minutes de la mer et \u00e0 proximit\u00e9 imm\u00e9diate du centre-ville. Dans un cadre serein et paisible, ce complexe r\u00e9sidentiel propose une diversit\u00e9 d\u2019habitations con\u00e7ues pour r\u00e9pondre aux besoins vari\u00e9s des r\u00e9sidents.<\/p>\n<p class=\"mb-30\">Le projet comprend une gamme vari\u00e9e d\u2019unit\u00e9s, notamment la Villa Basse 03 Pi\u00e8ces Jumel\u00e9e, la Villa Basse 04 Pi\u00e8ces Jumel\u00e9e et la Villa Basse 04 Pi\u00e8ces Individuelle. Les dimensions g\u00e9n\u00e9reuses des logements, allant de 150 \u00e0 250 m\u00e8tres carr\u00e9s, offrent un espace de vie confortable pour chaque famille.<\/p>\n<p class=\"mb-30\">Les Villas Basse 03 et 04 Pi\u00e8ces Jumel\u00e9es sont con\u00e7ues pour favoriser la convivialit\u00e9 tout en offrant des espaces priv\u00e9s bien am\u00e9nag\u00e9s. Quant \u00e0 la Villa Basse 04 Pi\u00e8ces Individuelle, elle offre une plus grande intimit\u00e9 et un espace plus spacieux, adapt\u00e9 aux besoins des familles nombreuses ou \u00e0 ceux qui recherchent un cadre de vie plus \u00e9tendu.<\/p>\n<p class=\"mb-30\">En r\u00e9sum\u00e9, le projet Leaders City II avec Nestl\u00e9 C\u00f4te d&#8217;Ivoire incarne le mariage harmonieux entre le confort moderne, la convivialit\u00e9 et le respect de l\u2019environnement, offrant ainsi \u00e0 ses r\u00e9sidents un cadre de vie privil\u00e9gi\u00e9 dans la magnifique cit\u00e9 baln\u00e9aire de Jacqueville.<\/p>\n\n<\/div>\n<\/div>\n<\/div>\n<div class=\"col-xxl-12\">\n<div class=\"page-single\">\n<div class=\"page-content\">\n<h3 class=\"h4 page-title fw-semibold mb-0\">Condition de souscription<\/h3>\n<\/div>\n<\/div>\n<\/div>\n<div class=\"col-xl-4\">\n<div class=\"page-img\"><img decoding=\"async\" class=\"w-100\" src=\"https:\/\/app.ekfgazconnect.com\/wp-content\/uploads\/2024\/07\/Cislo-Conditions-de-Souscription.png\" alt=\"Image\" \/><\/div>\n<\/div>\n<div class=\"col-xl-8\">\n<div class=\"row gy-4\">\n<div class=\"col-md-6\">\n<div class=\"checklist style9\">\n<ul>\n \t<li>Frais de dossier : 450 000 F CFA non remboursable<\/li>\n \t<li>Pi\u00e8ces \u00e0 fournir : 1 Photocopie de la pi\u00e8ce d\u2019identit\u00e9 + 2 photos d\u2019identit\u00e9<\/li>\n \t<li>Dur\u00e9e du projet : 3 ans<\/li>\n<\/ul>\n<\/div>\n<\/div>\n<div class=\"col-md-6\">\n<div class=\"checklist style9\">\n<ul>\n \t<li>Paiement \u00e0 temp\u00e9rament : Apport initial 30% pour la r\u00e9servation<\/li>\n \t<li>Paiement par cr\u00e9dit bancaire : Apport initial 30% pour la r\u00e9servation<\/li>\n \t<li>Paiement cash : Apport initial 0% pour la r\u00e9servation<\/li>\n<\/ul>\n<\/div>\n<\/div>\n<\/div>\n<\/div>\n<div class=\"col-xxl-12\">\n<div class=\"page-single\">\n<div class=\"page-content\">\n<h3 class=\"h4 page-title fw-semibold mb-0\">Villa Basse 03 Pie\u0300ces Jumel\u00e9e<\/h3>\n<\/div>\n<\/div>\n<\/div>\n<div class=\"col-xl-4\">\n<div class=\"page-img\"><img decoding=\"async\" class=\"w-100\" src=\"https:\/\/app.ekfgazconnect.com\/wp-content\/uploads\/2024\/07\/Leaders-City-II-Nestle-Villa-Basse-03-pie\u0300ces-jumele\u0301e.png\" alt=\"Image\" \/><\/div>\n<\/div>\n<div class=\"col-xl-8\">\n<p class=\"mt-n1\">La Villa Basse 03 Pi\u00e8ces Jumel\u00e9e offre une superficie totale g\u00e9n\u00e9reuse de 180 m\u00e8tres carr\u00e9s. Situ\u00e9e dans un cadre id\u00e9al, elle est livr\u00e9e habitable, pr\u00eate \u00e0 accueillir ses nouveaux occupants dans un environnement confortable et moderne.<\/p>\n\n<div class=\"row gy-4\">\n<div class=\"col-md-6\">\n<div class=\"checklist style9\">\n<ul>\n \t<li>Superficie totale : 180 m<sup>2<\/sup><\/li>\n \t<li>Prix : disponible sur demande<\/li>\n \t<li>Livraison : Habitable<\/li>\n<\/ul>\n<\/div>\n<\/div>\n<div class=\"col-md-6\">\n<div class=\"checklist style9\"><\/div>\n<\/div>\n<\/div>\n<\/div>\n<div class=\"col-xl-8\">\n<div class=\"page-img\"><img decoding=\"async\" class=\"w-100\" src=\"https:\/\/app.ekfgazconnect.com\/wp-content\/uploads\/2024\/07\/Leaders-City-II-NP-Villa-Basses-03-Pie\u0300ces-Jumele\u0301e.png\" alt=\"Image\" \/><\/div>\n<\/div>\n<div class=\"col-xl-4\">\n<div class=\"checklist style9\">\n<ul>\n \t<li>S\u00e9jour : 25 m<sup>2<\/sup><\/li>\n \t<li>Chambre principale (CHP) : 13 m<sup>2<\/sup><\/li>\n \t<li>Salle de bains (CHP) : 3 m<sup>2<\/sup><\/li>\n \t<li>Chambre 02 (CH02) : 12 m<sup>2<\/sup><\/li>\n \t<li>Salle de bains : 3 m<sup>2<\/sup><\/li>\n \t<li>Cuisine : 7 m<sup>2<\/sup><\/li>\n<\/ul>\n<\/div>\n<\/div>\n<div class=\"col-xxl-12\">\n<div class=\"page-single mt-25\">\n<div class=\"page-content\">\n<h3 class=\"h4 page-title fw-semibold mb-0\">Villa Basse 04 Pie\u0300ces Jumel\u00e9e<\/h3>\n<\/div>\n<\/div>\n<\/div>\n<div class=\"col-xl-4\">\n<div class=\"page-img\"><img decoding=\"async\" class=\"w-100\" src=\"https:\/\/app.ekfgazconnect.com\/wp-content\/uploads\/2024\/07\/Leaders-City-II-Nestle-Villa-Basse-04-pie\u0300ces-jumele\u0301e.png\" alt=\"Image\" \/><\/div>\n<\/div>\n<div class=\"col-xl-8\">\n<p class=\"mt-n1\">La Villa Basse 04 Pi\u00e8ces Jumel\u00e9e est spacieuse, avec une superficie totale de 220 m\u00e8tres carr\u00e9s. Elle constitue un choix attractif pour ceux \u00e0 la recherche d&#8217;une r\u00e9sidence confortable et bien dimensionn\u00e9e. Cette villa est livr\u00e9e habitable, pr\u00eate \u00e0 \u00eatre am\u00e9nag\u00e9e selon les pr\u00e9f\u00e9rences personnelles, offrant ainsi un cadre de vie moderne et fonctionnel.<\/p>\n\n<div class=\"row gy-4\">\n<div class=\"col-md-6\">\n<div class=\"checklist style9\">\n<ul>\n \t<li>Superficie totale : 220 m<sup>2<\/sup><\/li>\n \t<li>Prix : disponible sur demande<\/li>\n \t<li>Livraison : Habitable<\/li>\n<\/ul>\n<\/div>\n<\/div>\n<div class=\"col-md-6\">\n<div class=\"checklist style9\"><\/div>\n<\/div>\n<\/div>\n<\/div>\n<div class=\"col-xl-8\">\n<div class=\"page-img\"><img decoding=\"async\" class=\"w-100\" src=\"https:\/\/app.ekfgazconnect.com\/wp-content\/uploads\/2024\/07\/Leaders-City-II-NP-Villa-Basses-04-Pie\u0300ces-Jumele\u0301e.png\" alt=\"Image\" \/><\/div>\n<\/div>\n<div class=\"col-xl-4\">\n<div class=\"checklist style9\">\n<ul>\n \t<li>S\u00e9jour : 31 m<sup>2<\/sup><\/li>\n \t<li>Chambre principale (CHP) : 14 m<sup>2<\/sup><\/li>\n \t<li>Salle de bains (CHP) : 3 m<sup>2<\/sup><\/li>\n \t<li>Salle de bains (CH02) : 12 m<sup>2<\/sup><\/li>\n \t<li>Chambre 03 (CH03) : 11 m<sup>2<\/sup><\/li>\n \t<li>Salle de bains (CH02, CH03) : 3 m<sup>2<\/sup><\/li>\n \t<li>Cuisine : 8 m<sup>2<\/sup><\/li>\n \t<li>Dgt : 1 m<sup>2<\/sup><\/li>\n<\/ul>\n<\/div>\n<\/div>\n<div class=\"col-xxl-12\">\n<div class=\"page-single mt-25\">\n<div class=\"page-content\">\n<h3 class=\"h4 page-title fw-semibold mb-0\">Villa Basse 04 Pi\u00e8ces Individuelle<\/h3>\n<\/div>\n<\/div>\n<\/div>\n<div class=\"col-xl-4\">\n<div class=\"page-img\"><img decoding=\"async\" class=\"w-100\" src=\"https:\/\/app.ekfgazconnect.com\/wp-content\/uploads\/2024\/07\/Leaders-City-II-Nestle-Villa-Basse-04-pie\u0300ces-individuelle.png\" alt=\"Image\" \/><\/div>\n<\/div>\n<div class=\"col-xl-8\">\n<p class=\"mt-n1\">Elle s\u2019\u00e9tend sur une g\u00e9n\u00e9reuse superficie totale de 275 m\u00e8tres carr\u00e9s, offrant ainsi un espace ample pour une vie confortable et spacieuse. Cette villa constitue un investissement attractif pour ceux en qu\u00eate d\u2019une propri\u00e9t\u00e9 individuelle. Elle est livr\u00e9e habitable, pr\u00eate \u00e0 \u00eatre personnalis\u00e9e selon les pr\u00e9f\u00e9rences et les besoins de ses futurs occupants..<\/p>\n\n<div class=\"row gy-4\">\n<div class=\"col-md-6\">\n<div class=\"checklist style9\">\n<ul>\n \t<li>Superficie totale : 275 m<sup>2<\/sup><\/li>\n \t<li>Prix : disponible sur demande<\/li>\n \t<li>Livraison : Habitable<\/li>\n<\/ul>\n<\/div>\n<\/div>\n<div class=\"col-md-6\">\n<div class=\"checklist style9\"><\/div>\n<\/div>\n<\/div>\n<\/div>\n<div class=\"col-xl-8\">\n<div class=\"page-img\"><img decoding=\"async\" class=\"w-100\" src=\"https:\/\/app.ekfgazconnect.com\/wp-content\/uploads\/2024\/07\/Leaders-City-II-NP-Villa-Basses-04-Pie\u0300ces-Individuelle.png\" alt=\"Image\" \/><\/div>\n<\/div>\n<div class=\"col-xl-4\">\n<div class=\"checklist style9\">\n<ul>\n \t<li>S\u00e9jour : 26 m<sup>2<\/sup><\/li>\n \t<li>Chambre principale (CHP) : 14 m<sup>2<\/sup><\/li>\n \t<li>Salle de bains (CHP) : 4 m<sup>2<\/sup><\/li>\n \t<li>Chambre 02 (CH02) : 12 m<sup>2<\/sup><\/li>\n \t<li>Salle de bains (CH02) : 3 m<sup>2<\/sup><\/li>\n \t<li>Chambre 03 (CH03) : 12 m<sup>2<\/sup><\/li>\n \t<li>Salle de bains : 3 m<sup>2<\/sup><\/li>\n \t<li>Cuisine : 9 m<sup>2<\/sup><\/li>\n \t<li>Dgt : 03 m<sup>2<\/sup><\/li>\n \t<li>Terrasse avant : 7 m<sup>2<\/sup><\/li>\n<\/ul>\n<\/div>\n<\/div>\n<\/div>\t\t\t\t\t\t<\/div>\n\t\t\t\t<\/div>\n\t\t\t\t\t<\/div>\n\t\t<\/div>\n\t\t\t\t\t<\/div>\n\t\t<\/section>\n\t\t\t\t\t<\/div>\n\t\t<\/div>\n\t\t\t\t\t<\/div>\n\t\t<\/section>\n\t\t<div class=\"elementor-element elementor-element-96a4dd0 e-flex e-con-boxed e-con e-parent\" data-id=\"96a4dd0\" data-element_type=\"container\">\n\t\t\t\t\t<div class=\"e-con-inner\">\n\t\t\t\t<div class=\"elementor-element elementor-element-46493ca elementor-arrows-position-inside elementor-pagination-position-outside elementor-widget elementor-widget-image-carousel\" data-id=\"46493ca\" data-element_type=\"widget\" data-settings=\"{&quot;slides_to_show&quot;:&quot;1&quot;,&quot;navigation&quot;:&quot;both&quot;,&quot;autoplay&quot;:&quot;yes&quot;,&quot;pause_on_hover&quot;:&quot;yes&quot;,&quot;pause_on_interaction&quot;:&quot;yes&quot;,&quot;autoplay_speed&quot;:5000,&quot;infinite&quot;:&quot;yes&quot;,&quot;effect&quot;:&quot;slide&quot;,&quot;speed&quot;:500}\" data-widget_type=\"image-carousel.default\">\n\t\t\t\t<div class=\"elementor-widget-container\">\n\t\t\t<style>\/*! elementor - v3.21.0 - 30-04-2024 *\/\n.elementor-widget-image-carousel .swiper,.elementor-widget-image-carousel .swiper-container{position:static}.elementor-widget-image-carousel .swiper-container .swiper-slide figure,.elementor-widget-image-carousel .swiper .swiper-slide figure{line-height:inherit}.elementor-widget-image-carousel .swiper-slide{text-align:center}.elementor-image-carousel-wrapper:not(.swiper-container-initialized):not(.swiper-initialized) .swiper-slide{max-width:calc(100% \/ var(--e-image-carousel-slides-to-show, 3))}<\/style>\t\t<div class=\"elementor-image-carousel-wrapper swiper\" dir=\"ltr\">\n\t\t\t<div class=\"elementor-image-carousel swiper-wrapper\" aria-live=\"off\">\n\t\t\t\t\t\t\t\t<div class=\"swiper-slide\" role=\"group\" aria-roledescription=\"slide\" aria-label=\"1 sur 3\"><figure class=\"swiper-slide-inner\"><img decoding=\"async\" class=\"swiper-slide-image\" src=\"https:\/\/app.ekfgazconnect.com\/wp-content\/uploads\/2024\/07\/Leaders-City-II-NG-Villa-Basse-03-pie\u0300ces-jumele\u0301e.png\" alt=\"Leaders City II NG Villa Basse 03 pie\u0300ces jumele\u0301e\" \/><\/figure><\/div><div class=\"swiper-slide\" role=\"group\" aria-roledescription=\"slide\" aria-label=\"2 sur 3\"><figure class=\"swiper-slide-inner\"><img decoding=\"async\" class=\"swiper-slide-image\" src=\"https:\/\/app.ekfgazconnect.com\/wp-content\/uploads\/2024\/07\/Leaders-City-II-NG-Villa-Basse-04-pie\u0300ces-individuelle.png\" alt=\"Leaders City II NG Villa Basse 04 pie\u0300ces individuelle\" \/><\/figure><\/div><div class=\"swiper-slide\" role=\"group\" aria-roledescription=\"slide\" aria-label=\"3 sur 3\"><figure class=\"swiper-slide-inner\"><img decoding=\"async\" class=\"swiper-slide-image\" src=\"https:\/\/app.ekfgazconnect.com\/wp-content\/uploads\/2024\/07\/Leaders-City-II-NG-Villa-Basse-04-pie\u0300ces-jumele\u0301e.png\" alt=\"Leaders City II NG Villa Basse 04 pie\u0300ces jumele\u0301e\" \/><\/figure><\/div>\t\t\t<\/div>\n\t\t\t\t\t\t\t\t\t\t\t\t<div class=\"elementor-swiper-button elementor-swiper-button-prev\" role=\"button\" tabindex=\"0\">\n\t\t\t\t\t\t<svg aria-hidden=\"true\" class=\"e-font-icon-svg e-eicon-chevron-left\" viewBox=\"0 0 1000 1000\" xmlns=\"http:\/\/www.w3.org\/2000\/svg\"><path d=\"M646 125C629 125 613 133 604 142L308 442C296 454 292 471 292 487 292 504 296 521 308 533L604 854C617 867 629 875 646 875 663 875 679 871 692 858 704 846 713 829 713 812 713 796 708 779 692 767L438 487 692 225C700 217 708 204 708 187 708 171 704 154 692 142 675 129 663 125 646 125Z\"><\/path><\/svg>\t\t\t\t\t<\/div>\n\t\t\t\t\t<div class=\"elementor-swiper-button elementor-swiper-button-next\" role=\"button\" tabindex=\"0\">\n\t\t\t\t\t\t<svg aria-hidden=\"true\" class=\"e-font-icon-svg e-eicon-chevron-right\" viewBox=\"0 0 1000 1000\" xmlns=\"http:\/\/www.w3.org\/2000\/svg\"><path d=\"M696 533C708 521 713 504 713 487 713 471 708 454 696 446L400 146C388 133 375 125 354 125 338 125 325 129 313 142 300 154 292 171 292 187 292 204 296 221 308 233L563 492 304 771C292 783 288 800 288 817 288 833 296 850 308 863 321 871 338 875 354 875 371 875 388 867 400 854L696 533Z\"><\/path><\/svg>\t\t\t\t\t<\/div>\n\t\t\t\t\n\t\t\t\t\t\t\t\t\t<div class=\"swiper-pagination\"><\/div>\n\t\t\t\t\t\t\t\t\t<\/div>\n\t\t\t\t<\/div>\n\t\t\t\t<\/div>\n\t\t\t\t\t<\/div>\n\t\t\t\t<\/div>\n\t\t\t\t<\/div>\n\t\t","protected":false},"excerpt":{"rendered":"<p>Informations Projet : Leaders City II Clients : Nestl\u00e9 CI Dur\u00e9e : 03 ans Localisation: Akrou, Jacqueville, C\u00f4te d&#8217;Ivoire Offres : Villa Basse 03 Pi\u00e8ces Jumel\u00e9e, Villa Basse 04 Pi\u00e8ces Jumel\u00e9e et Villa Basse 04 Pi\u00e8ces Individuelle. Pr\u00e9sentation du Projet Le projet Leaders City II, en partenariat avec Nestl\u00e9 C\u00f4te d&#8217;Ivoire, est situ\u00e9 dans la&#8230;<\/p>\n","protected":false},"author":1,"featured_media":0,"parent":0,"menu_order":0,"comment_status":"closed","ping_status":"closed","template":"template-builder.php","meta":{"_monsterinsights_skip_tracking":false,"_monsterinsights_sitenote_active":false,"_monsterinsights_sitenote_note":"","_monsterinsights_sitenote_category":0,"footnotes":""},"class_list":["post-4929","page","type-page","status-publish","hentry"],"aioseo_notices":[],"_links":{"self":[{"href":"https:\/\/app.ekfgazconnect.com\/index.php\/wp-json\/wp\/v2\/pages\/4929","targetHints":{"allow":["GET"]}}],"collection":[{"href":"https:\/\/app.ekfgazconnect.com\/index.php\/wp-json\/wp\/v2\/pages"}],"about":[{"href":"https:\/\/app.ekfgazconnect.com\/index.php\/wp-json\/wp\/v2\/types\/page"}],"author":[{"embeddable":true,"href":"https:\/\/app.ekfgazconnect.com\/index.php\/wp-json\/wp\/v2\/users\/1"}],"replies":[{"embeddable":true,"href":"https:\/\/app.ekfgazconnect.com\/index.php\/wp-json\/wp\/v2\/comments?post=4929"}],"version-history":[{"count":447,"href":"https:\/\/app.ekfgazconnect.com\/index.php\/wp-json\/wp\/v2\/pages\/4929\/revisions"}],"predecessor-version":[{"id":7218,"href":"https:\/\/app.ekfgazconnect.com\/index.php\/wp-json\/wp\/v2\/pages\/4929\/revisions\/7218"}],"wp:attachment":[{"href":"https:\/\/app.ekfgazconnect.com\/index.php\/wp-json\/wp\/v2\/media?parent=4929"}],"curies":[{"name":"wp","href":"https:\/\/api.w.org\/{rel}","templated":true}]}}